{"id":1676,"date":"2022-03-24T21:24:24","date_gmt":"2022-03-24T21:24:24","guid":{"rendered":"https:\/\/festiwal.rockradio.pl\/?page_id=1676"},"modified":"2022-04-22T13:28:24","modified_gmt":"2022-04-22T13:28:24","slug":"festiwal-klasyki-rocka","status":"publish","type":"page","link":"https:\/\/festiwal.rockradio.pl\/","title":{"rendered":"Festiwal Klasyki Rocka"},"content":{"rendered":"\n<p>Festiwal Klasyki Rocka 2022, to druga edycja konkursu dla zespo\u0142\u00f3w graj\u0105cych muzyk\u0119 rockow\u0105!<\/p>\n\n\n\n<p>Zg\u0142o\u015b si\u0119 do Festiwalu Klasyki Rocka!<\/p>\n","protected":false},"excerpt":{"rendered":"<p>Festiwal Klasyki Rocka 2022, to druga edycja konkursu dla zespo\u0142\u00f3w graj\u0105cych muzyk\u0119 rockow\u0105! Zg\u0142o\u015b si\u0119 do Festiwalu Klasyki Rocka!<\/p>\n","protected":false},"author":2,"featured_media":0,"parent":0,"menu_order":0,"comment_status":"closed","ping_status":"closed","template":"template-frontpage.php","meta":{"footnotes":""},"class_list":["post-1676","page","type-page","status-publish","hentry"],"yoast_head":"<!-- This site is optimized with the Yoast SEO plugin v26.7 - https:\/\/yoast.com\/wordpress\/plugins\/seo\/ -->\n<title>Festiwal Klasyki Rocka - Festiwal Klasyki Rocka<\/title>\n<meta name=\"description\" content=\"Sprawd\u017a aktualne informacje o Festiwalu Klasyki Rocka! Zg\u0142oszenia zbieramy od 1 maja 2022. Zobacz jak wygl\u0105da\u0142 Festiwal Klasyki Rocka w 2021\" \/>\n<meta name=\"robots\" content=\"index, follow, max-snippet:-1, max-image-preview:large, max-video-preview:-1\" \/>\n<link rel=\"canonical\" href=\"https:\/\/festiwal.rockradio.pl\/\" \/>\n<meta property=\"og:locale\" content=\"pl_PL\" \/>\n<meta property=\"og:type\" content=\"article\" \/>\n<meta property=\"og:title\" content=\"Festiwal Klasyki Rocka - Festiwal Klasyki Rocka\" \/>\n<meta property=\"og:description\" content=\"Sprawd\u017a aktualne informacje o Festiwalu Klasyki Rocka! Zg\u0142oszenia zbieramy od 1 maja 2022. Zobacz jak wygl\u0105da\u0142 Festiwal Klasyki Rocka w 2021\" \/>\n<meta property=\"og:url\" content=\"https:\/\/festiwal.rockradio.pl\/\" \/>\n<meta property=\"og:site_name\" content=\"Festiwal Klasyki Rocka\" \/>\n<meta property=\"article:publisher\" content=\"https:\/\/www.facebook.com\/rockradiopl\/\" \/>\n<meta property=\"article:modified_time\" content=\"2022-04-22T13:28:24+00:00\" \/>\n<meta name=\"twitter:card\" content=\"summary_large_image\" \/>\n<meta name=\"twitter:label1\" content=\"Szacowany czas czytania\" \/>\n\t<meta name=\"twitter:data1\" content=\"1 minuta\" \/>\n<script type=\"application\/ld+json\" class=\"yoast-schema-graph\">{\"@context\":\"https:\/\/schema.org\",\"@graph\":[{\"@type\":\"WebPage\",\"@id\":\"https:\/\/festiwal.rockradio.pl\/\",\"url\":\"https:\/\/festiwal.rockradio.pl\/\",\"name\":\"Festiwal Klasyki Rocka - Festiwal Klasyki Rocka\",\"isPartOf\":{\"@id\":\"https:\/\/festiwal.rockradio.pl\/#website\"},\"datePublished\":\"2022-03-24T21:24:24+00:00\",\"dateModified\":\"2022-04-22T13:28:24+00:00\",\"description\":\"Sprawd\u017a aktualne informacje o Festiwalu Klasyki Rocka! Zg\u0142oszenia zbieramy od 1 maja 2022. Zobacz jak wygl\u0105da\u0142 Festiwal Klasyki Rocka w 2021\",\"breadcrumb\":{\"@id\":\"https:\/\/festiwal.rockradio.pl\/#breadcrumb\"},\"inLanguage\":\"pl-PL\",\"potentialAction\":[{\"@type\":\"ReadAction\",\"target\":[\"https:\/\/festiwal.rockradio.pl\/\"]}]},{\"@type\":\"BreadcrumbList\",\"@id\":\"https:\/\/festiwal.rockradio.pl\/#breadcrumb\",\"itemListElement\":[{\"@type\":\"ListItem\",\"position\":1,\"name\":\"Festiwal Klasyki Rocka\",\"item\":\"https:\/\/festiwal.rockradio.pl\/\"},{\"@type\":\"ListItem\",\"position\":2,\"name\":\"Festiwal Klasyki Rocka\"}]},{\"@type\":\"WebSite\",\"@id\":\"https:\/\/festiwal.rockradio.pl\/#website\",\"url\":\"https:\/\/festiwal.rockradio.pl\/\",\"name\":\"Festiwal Klasyki Rocka\",\"description\":\"\",\"publisher\":{\"@id\":\"https:\/\/festiwal.rockradio.pl\/#organization\"},\"potentialAction\":[{\"@type\":\"SearchAction\",\"target\":{\"@type\":\"EntryPoint\",\"urlTemplate\":\"https:\/\/festiwal.rockradio.pl\/?s={search_term_string}\"},\"query-input\":{\"@type\":\"PropertyValueSpecification\",\"valueRequired\":true,\"valueName\":\"search_term_string\"}}],\"inLanguage\":\"pl-PL\"},{\"@type\":\"Organization\",\"@id\":\"https:\/\/festiwal.rockradio.pl\/#organization\",\"name\":\"Festiwal Klasyki Rocka\",\"url\":\"https:\/\/festiwal.rockradio.pl\/\",\"logo\":{\"@type\":\"ImageObject\",\"inLanguage\":\"pl-PL\",\"@id\":\"https:\/\/festiwal.rockradio.pl\/#\/schema\/logo\/image\/\",\"url\":\"https:\/\/festiwal.rockradio.pl\/wp-content\/uploads\/2022\/04\/cropped-logo-na-www.png\",\"contentUrl\":\"https:\/\/festiwal.rockradio.pl\/wp-content\/uploads\/2022\/04\/cropped-logo-na-www.png\",\"width\":1000,\"height\":1000,\"caption\":\"Festiwal Klasyki Rocka\"},\"image\":{\"@id\":\"https:\/\/festiwal.rockradio.pl\/#\/schema\/logo\/image\/\"},\"sameAs\":[\"https:\/\/www.facebook.com\/rockradiopl\/\",\"https:\/\/www.instagram.com\/rock_radio\/\"]}]}<\/script>\n<!-- \/ Yoast SEO plugin. -->","yoast_head_json":{"title":"Festiwal Klasyki Rocka - Festiwal Klasyki Rocka","description":"Sprawd\u017a aktualne informacje o Festiwalu Klasyki Rocka! Zg\u0142oszenia zbieramy od 1 maja 2022. Zobacz jak wygl\u0105da\u0142 Festiwal Klasyki Rocka w 2021","robots":{"index":"index","follow":"follow","max-snippet":"max-snippet:-1","max-image-preview":"max-image-preview:large","max-video-preview":"max-video-preview:-1"},"canonical":"https:\/\/festiwal.rockradio.pl\/","og_locale":"pl_PL","og_type":"article","og_title":"Festiwal Klasyki Rocka - Festiwal Klasyki Rocka","og_description":"Sprawd\u017a aktualne informacje o Festiwalu Klasyki Rocka! Zg\u0142oszenia zbieramy od 1 maja 2022. Zobacz jak wygl\u0105da\u0142 Festiwal Klasyki Rocka w 2021","og_url":"https:\/\/festiwal.rockradio.pl\/","og_site_name":"Festiwal Klasyki Rocka","article_publisher":"https:\/\/www.facebook.com\/rockradiopl\/","article_modified_time":"2022-04-22T13:28:24+00:00","twitter_card":"summary_large_image","twitter_misc":{"Szacowany czas czytania":"1 minuta"},"schema":{"@context":"https:\/\/schema.org","@graph":[{"@type":"WebPage","@id":"https:\/\/festiwal.rockradio.pl\/","url":"https:\/\/festiwal.rockradio.pl\/","name":"Festiwal Klasyki Rocka - Festiwal Klasyki Rocka","isPartOf":{"@id":"https:\/\/festiwal.rockradio.pl\/#website"},"datePublished":"2022-03-24T21:24:24+00:00","dateModified":"2022-04-22T13:28:24+00:00","description":"Sprawd\u017a aktualne informacje o Festiwalu Klasyki Rocka! Zg\u0142oszenia zbieramy od 1 maja 2022. Zobacz jak wygl\u0105da\u0142 Festiwal Klasyki Rocka w 2021","breadcrumb":{"@id":"https:\/\/festiwal.rockradio.pl\/#breadcrumb"},"inLanguage":"pl-PL","potentialAction":[{"@type":"ReadAction","target":["https:\/\/festiwal.rockradio.pl\/"]}]},{"@type":"BreadcrumbList","@id":"https:\/\/festiwal.rockradio.pl\/#breadcrumb","itemListElement":[{"@type":"ListItem","position":1,"name":"Festiwal Klasyki Rocka","item":"https:\/\/festiwal.rockradio.pl\/"},{"@type":"ListItem","position":2,"name":"Festiwal Klasyki Rocka"}]},{"@type":"WebSite","@id":"https:\/\/festiwal.rockradio.pl\/#website","url":"https:\/\/festiwal.rockradio.pl\/","name":"Festiwal Klasyki Rocka","description":"","publisher":{"@id":"https:\/\/festiwal.rockradio.pl\/#organization"},"potentialAction":[{"@type":"SearchAction","target":{"@type":"EntryPoint","urlTemplate":"https:\/\/festiwal.rockradio.pl\/?s={search_term_string}"},"query-input":{"@type":"PropertyValueSpecification","valueRequired":true,"valueName":"search_term_string"}}],"inLanguage":"pl-PL"},{"@type":"Organization","@id":"https:\/\/festiwal.rockradio.pl\/#organization","name":"Festiwal Klasyki Rocka","url":"https:\/\/festiwal.rockradio.pl\/","logo":{"@type":"ImageObject","inLanguage":"pl-PL","@id":"https:\/\/festiwal.rockradio.pl\/#\/schema\/logo\/image\/","url":"https:\/\/festiwal.rockradio.pl\/wp-content\/uploads\/2022\/04\/cropped-logo-na-www.png","contentUrl":"https:\/\/festiwal.rockradio.pl\/wp-content\/uploads\/2022\/04\/cropped-logo-na-www.png","width":1000,"height":1000,"caption":"Festiwal Klasyki Rocka"},"image":{"@id":"https:\/\/festiwal.rockradio.pl\/#\/schema\/logo\/image\/"},"sameAs":["https:\/\/www.facebook.com\/rockradiopl\/","https:\/\/www.instagram.com\/rock_radio\/"]}]}},"_links":{"self":[{"href":"https:\/\/festiwal.rockradio.pl\/index.php?rest_route=\/wp\/v2\/pages\/1676","targetHints":{"allow":["GET"]}}],"collection":[{"href":"https:\/\/festiwal.rockradio.pl\/index.php?rest_route=\/wp\/v2\/pages"}],"about":[{"href":"https:\/\/festiwal.rockradio.pl\/index.php?rest_route=\/wp\/v2\/types\/page"}],"author":[{"embeddable":true,"href":"https:\/\/festiwal.rockradio.pl\/index.php?rest_route=\/wp\/v2\/users\/2"}],"replies":[{"embeddable":true,"href":"https:\/\/festiwal.rockradio.pl\/index.php?rest_route=%2Fwp%2Fv2%2Fcomments&post=1676"}],"version-history":[{"count":3,"href":"https:\/\/festiwal.rockradio.pl\/index.php?rest_route=\/wp\/v2\/pages\/1676\/revisions"}],"predecessor-version":[{"id":1834,"href":"https:\/\/festiwal.rockradio.pl\/index.php?rest_route=\/wp\/v2\/pages\/1676\/revisions\/1834"}],"wp:attachment":[{"href":"https:\/\/festiwal.rockradio.pl\/index.php?rest_route=%2Fwp%2Fv2%2Fmedia&parent=1676"}],"curies":[{"name":"wp","href":"https:\/\/api.w.org\/{rel}","templated":true}]}}