{"id":2375,"date":"2022-09-12T17:27:42","date_gmt":"2022-09-12T15:27:42","guid":{"rendered":"https:\/\/festiwal.rockradio.pl\/?page_id=2375"},"modified":"2022-09-12T21:27:59","modified_gmt":"2022-09-12T19:27:59","slug":"the-managers-nagroda-publicznosci-fkr-2022","status":"publish","type":"page","link":"https:\/\/festiwal.rockradio.pl\/?page_id=2375","title":{"rendered":"The Managers &#8211; nagroda publiczno\u015bci Festiwalu Klasyki Rocka 2022"},"content":{"rendered":"\n<p>Czym by\u0142by festiwal bez publiczno\u015bci? <\/p>\n\n\n\n<p>Tak zdecydowali\u015bcie!!<\/p>\n\n\n\n<p>Mamy zaszczyt og\u0142osi\u0107 zesp\u00f3l kt\u00f3ry wygra\u0142 g\u0142osami publiczno\u015bci!<\/p>\n\n\n\n<p><strong>The Managers<\/strong>!<\/p>\n\n\n\n<figure class=\"wp-block-embed is-type-rich is-provider-obsluga-osadzania wp-block-embed-obsluga-osadzania wp-embed-aspect-16-9 wp-has-aspect-ratio\"><div class=\"wp-block-embed__wrapper\">\n<iframe loading=\"lazy\" title=\"The Managers - Nie wierz\u0119 politykom (Tilt Cover)\" width=\"800\" height=\"450\" src=\"https:\/\/www.youtube.com\/embed\/1Y9Z7laEXyw?feature=oembed\" frameborder=\"0\" allow=\"accelerometer; autoplay; clipboard-write; encrypted-media; gyroscope; picture-in-picture\" allowfullscreen><\/iframe>\n<\/div><\/figure>\n\n\n\n<p><\/p>\n\n\n\n<p>Panowie m\u00f3wi\u0105 o sobie tak:<\/p>\n\n\n\n<p>Nasz\u0105 specjalno\u015bci\u0105 jest granie tylko tanich numer\u00f3w.<\/p>\n\n\n\n<p>Polskich, zagranicznych i nie tylko.<\/p>\n\n\n\n<p>Ka\u017cdy z nas mieszka w innym mie\u015bcie (Warszawa, Wroc\u0142aw, Pozna\u0144, Nowy Tomy\u015bl)<\/p>\n\n\n\n<p>Ka\u017cdy z nas \u201echodzi\u2019 w innej kategorii wiekowej ; 60+, 50+, 40+, 30+<\/p>\n\n\n\n<p>Gramy razem \u017ceby nie zg\u0142upie\u0107 do reszty od rzeczywisto\u015bci za oknami.<\/p>\n\n\n\n<p>Niech Rock b\u0119dzie z Wami.<\/p>\n\n\n\n<p><\/p>\n\n\n\n<p>Niedawno zesp\u00f3\u0142 The Managers wyda\u0142 klip do swojej piosenki &#8222;Starzy Wkurwieni&#8221; &#8211; zobacz wideo, <\/p>\n\n\n\n<figure class=\"wp-block-embed is-type-rich is-provider-obsluga-osadzania wp-block-embed-obsluga-osadzania wp-embed-aspect-16-9 wp-has-aspect-ratio\"><div class=\"wp-block-embed__wrapper\">\n<iframe loading=\"lazy\" title=\"The Managers - Starzy Wkurwieni\" width=\"800\" height=\"450\" src=\"https:\/\/www.youtube.com\/embed\/aIcGywIhTsQ?feature=oembed\" frameborder=\"0\" allow=\"accelerometer; autoplay; clipboard-write; encrypted-media; gyroscope; picture-in-picture\" allowfullscreen><\/iframe>\n<\/div><\/figure>\n\n\n\n<p>nie da si\u0119 obok tego przej\u015b\u0107 oboj\u0119tnie, doskonale rozumiemy decyzj\u0119 g\u0142osuj\u0105cych!<\/p>\n\n\n\n<p>Gratulujemy! <\/p>\n\n\n\n<p><\/p>\n","protected":false},"excerpt":{"rendered":"<p>Mamy zaszczyt og\u0142osi\u0107 zesp\u00f3\u0142 kt\u00f3ry wygra\u0142 g\u0142osami publiczno\u015bci!<\/p>\n","protected":false},"author":2,"featured_media":2205,"parent":0,"menu_order":0,"comment_status":"closed","ping_status":"closed","template":"","meta":{"footnotes":""},"class_list":["post-2375","page","type-page","status-publish","has-post-thumbnail","hentry"],"yoast_head":"<!-- This site is optimized with the Yoast SEO plugin v26.7 - https:\/\/yoast.com\/wordpress\/plugins\/seo\/ -->\n<title>The Managers - nagroda publiczno\u015bci Festiwalu Klasyki Rocka 2022 - Festiwal Klasyki Rocka<\/title>\n<meta name=\"description\" content=\"Sprawd\u017a aktualne informacje o Festiwalu Klasyki Rocka w 2022r.\" \/>\n<meta name=\"robots\" content=\"index, follow, max-snippet:-1, max-image-preview:large, max-video-preview:-1\" \/>\n<link rel=\"canonical\" href=\"https:\/\/festiwal.rockradio.pl\/?page_id=2375\" \/>\n<meta property=\"og:locale\" content=\"pl_PL\" \/>\n<meta property=\"og:type\" content=\"article\" \/>\n<meta property=\"og:title\" content=\"The Managers - nagroda publiczno\u015bci Festiwalu Klasyki Rocka 2022 - Festiwal Klasyki Rocka\" \/>\n<meta property=\"og:description\" content=\"Sprawd\u017a aktualne informacje o Festiwalu Klasyki Rocka w 2022r.\" \/>\n<meta property=\"og:url\" content=\"https:\/\/festiwal.rockradio.pl\/?page_id=2375\" \/>\n<meta property=\"og:site_name\" content=\"Festiwal Klasyki Rocka\" \/>\n<meta property=\"article:publisher\" content=\"https:\/\/www.facebook.com\/rockradiopl\/\" \/>\n<meta property=\"article:modified_time\" content=\"2022-09-12T19:27:59+00:00\" \/>\n<meta property=\"og:image\" content=\"https:\/\/festiwal.rockradio.pl\/wp-content\/uploads\/2022\/05\/The-Managers-foto-1.jpg\" \/>\n\t<meta property=\"og:image:width\" content=\"807\" \/>\n\t<meta property=\"og:image:height\" content=\"539\" \/>\n\t<meta property=\"og:image:type\" content=\"image\/jpeg\" \/>\n<meta name=\"twitter:card\" content=\"summary_large_image\" \/>\n<meta name=\"twitter:label1\" content=\"Szacowany czas czytania\" \/>\n\t<meta name=\"twitter:data1\" content=\"1 minuta\" \/>\n<script type=\"application\/ld+json\" class=\"yoast-schema-graph\">{\"@context\":\"https:\/\/schema.org\",\"@graph\":[{\"@type\":\"WebPage\",\"@id\":\"https:\/\/festiwal.rockradio.pl\/?page_id=2375\",\"url\":\"https:\/\/festiwal.rockradio.pl\/?page_id=2375\",\"name\":\"The Managers - nagroda publiczno\u015bci Festiwalu Klasyki Rocka 2022 - Festiwal Klasyki Rocka\",\"isPartOf\":{\"@id\":\"https:\/\/festiwal.rockradio.pl\/#website\"},\"primaryImageOfPage\":{\"@id\":\"https:\/\/festiwal.rockradio.pl\/?page_id=2375#primaryimage\"},\"image\":{\"@id\":\"https:\/\/festiwal.rockradio.pl\/?page_id=2375#primaryimage\"},\"thumbnailUrl\":\"https:\/\/festiwal.rockradio.pl\/wp-content\/uploads\/2022\/05\/The-Managers-foto-1.jpg\",\"datePublished\":\"2022-09-12T15:27:42+00:00\",\"dateModified\":\"2022-09-12T19:27:59+00:00\",\"description\":\"Sprawd\u017a aktualne informacje o Festiwalu Klasyki Rocka w 2022r.\",\"breadcrumb\":{\"@id\":\"https:\/\/festiwal.rockradio.pl\/?page_id=2375#breadcrumb\"},\"inLanguage\":\"pl-PL\",\"potentialAction\":[{\"@type\":\"ReadAction\",\"target\":[\"https:\/\/festiwal.rockradio.pl\/?page_id=2375\"]}]},{\"@type\":\"ImageObject\",\"inLanguage\":\"pl-PL\",\"@id\":\"https:\/\/festiwal.rockradio.pl\/?page_id=2375#primaryimage\",\"url\":\"https:\/\/festiwal.rockradio.pl\/wp-content\/uploads\/2022\/05\/The-Managers-foto-1.jpg\",\"contentUrl\":\"https:\/\/festiwal.rockradio.pl\/wp-content\/uploads\/2022\/05\/The-Managers-foto-1.jpg\",\"width\":807,\"height\":539,\"caption\":\"Fot. The Managers\"},{\"@type\":\"BreadcrumbList\",\"@id\":\"https:\/\/festiwal.rockradio.pl\/?page_id=2375#breadcrumb\",\"itemListElement\":[{\"@type\":\"ListItem\",\"position\":1,\"name\":\"Festiwal Klasyki Rocka\",\"item\":\"https:\/\/festiwal.rockradio.pl\/\"},{\"@type\":\"ListItem\",\"position\":2,\"name\":\"The Managers &#8211; nagroda publiczno\u015bci Festiwalu Klasyki Rocka 2022\"}]},{\"@type\":\"WebSite\",\"@id\":\"https:\/\/festiwal.rockradio.pl\/#website\",\"url\":\"https:\/\/festiwal.rockradio.pl\/\",\"name\":\"Festiwal Klasyki Rocka\",\"description\":\"\",\"publisher\":{\"@id\":\"https:\/\/festiwal.rockradio.pl\/#organization\"},\"potentialAction\":[{\"@type\":\"SearchAction\",\"target\":{\"@type\":\"EntryPoint\",\"urlTemplate\":\"https:\/\/festiwal.rockradio.pl\/?s={search_term_string}\"},\"query-input\":{\"@type\":\"PropertyValueSpecification\",\"valueRequired\":true,\"valueName\":\"search_term_string\"}}],\"inLanguage\":\"pl-PL\"},{\"@type\":\"Organization\",\"@id\":\"https:\/\/festiwal.rockradio.pl\/#organization\",\"name\":\"Festiwal Klasyki Rocka\",\"url\":\"https:\/\/festiwal.rockradio.pl\/\",\"logo\":{\"@type\":\"ImageObject\",\"inLanguage\":\"pl-PL\",\"@id\":\"https:\/\/festiwal.rockradio.pl\/#\/schema\/logo\/image\/\",\"url\":\"https:\/\/festiwal.rockradio.pl\/wp-content\/uploads\/2022\/04\/cropped-logo-na-www.png\",\"contentUrl\":\"https:\/\/festiwal.rockradio.pl\/wp-content\/uploads\/2022\/04\/cropped-logo-na-www.png\",\"width\":1000,\"height\":1000,\"caption\":\"Festiwal Klasyki Rocka\"},\"image\":{\"@id\":\"https:\/\/festiwal.rockradio.pl\/#\/schema\/logo\/image\/\"},\"sameAs\":[\"https:\/\/www.facebook.com\/rockradiopl\/\",\"https:\/\/www.instagram.com\/rock_radio\/\"]}]}<\/script>\n<!-- \/ Yoast SEO plugin. -->","yoast_head_json":{"title":"The Managers - nagroda publiczno\u015bci Festiwalu Klasyki Rocka 2022 - Festiwal Klasyki Rocka","description":"Sprawd\u017a aktualne informacje o Festiwalu Klasyki Rocka w 2022r.","robots":{"index":"index","follow":"follow","max-snippet":"max-snippet:-1","max-image-preview":"max-image-preview:large","max-video-preview":"max-video-preview:-1"},"canonical":"https:\/\/festiwal.rockradio.pl\/?page_id=2375","og_locale":"pl_PL","og_type":"article","og_title":"The Managers - nagroda publiczno\u015bci Festiwalu Klasyki Rocka 2022 - Festiwal Klasyki Rocka","og_description":"Sprawd\u017a aktualne informacje o Festiwalu Klasyki Rocka w 2022r.","og_url":"https:\/\/festiwal.rockradio.pl\/?page_id=2375","og_site_name":"Festiwal Klasyki Rocka","article_publisher":"https:\/\/www.facebook.com\/rockradiopl\/","article_modified_time":"2022-09-12T19:27:59+00:00","og_image":[{"width":807,"height":539,"url":"https:\/\/festiwal.rockradio.pl\/wp-content\/uploads\/2022\/05\/The-Managers-foto-1.jpg","type":"image\/jpeg"}],"twitter_card":"summary_large_image","twitter_misc":{"Szacowany czas czytania":"1 minuta"},"schema":{"@context":"https:\/\/schema.org","@graph":[{"@type":"WebPage","@id":"https:\/\/festiwal.rockradio.pl\/?page_id=2375","url":"https:\/\/festiwal.rockradio.pl\/?page_id=2375","name":"The Managers - nagroda publiczno\u015bci Festiwalu Klasyki Rocka 2022 - Festiwal Klasyki Rocka","isPartOf":{"@id":"https:\/\/festiwal.rockradio.pl\/#website"},"primaryImageOfPage":{"@id":"https:\/\/festiwal.rockradio.pl\/?page_id=2375#primaryimage"},"image":{"@id":"https:\/\/festiwal.rockradio.pl\/?page_id=2375#primaryimage"},"thumbnailUrl":"https:\/\/festiwal.rockradio.pl\/wp-content\/uploads\/2022\/05\/The-Managers-foto-1.jpg","datePublished":"2022-09-12T15:27:42+00:00","dateModified":"2022-09-12T19:27:59+00:00","description":"Sprawd\u017a aktualne informacje o Festiwalu Klasyki Rocka w 2022r.","breadcrumb":{"@id":"https:\/\/festiwal.rockradio.pl\/?page_id=2375#breadcrumb"},"inLanguage":"pl-PL","potentialAction":[{"@type":"ReadAction","target":["https:\/\/festiwal.rockradio.pl\/?page_id=2375"]}]},{"@type":"ImageObject","inLanguage":"pl-PL","@id":"https:\/\/festiwal.rockradio.pl\/?page_id=2375#primaryimage","url":"https:\/\/festiwal.rockradio.pl\/wp-content\/uploads\/2022\/05\/The-Managers-foto-1.jpg","contentUrl":"https:\/\/festiwal.rockradio.pl\/wp-content\/uploads\/2022\/05\/The-Managers-foto-1.jpg","width":807,"height":539,"caption":"Fot. The Managers"},{"@type":"BreadcrumbList","@id":"https:\/\/festiwal.rockradio.pl\/?page_id=2375#breadcrumb","itemListElement":[{"@type":"ListItem","position":1,"name":"Festiwal Klasyki Rocka","item":"https:\/\/festiwal.rockradio.pl\/"},{"@type":"ListItem","position":2,"name":"The Managers &#8211; nagroda publiczno\u015bci Festiwalu Klasyki Rocka 2022"}]},{"@type":"WebSite","@id":"https:\/\/festiwal.rockradio.pl\/#website","url":"https:\/\/festiwal.rockradio.pl\/","name":"Festiwal Klasyki Rocka","description":"","publisher":{"@id":"https:\/\/festiwal.rockradio.pl\/#organization"},"potentialAction":[{"@type":"SearchAction","target":{"@type":"EntryPoint","urlTemplate":"https:\/\/festiwal.rockradio.pl\/?s={search_term_string}"},"query-input":{"@type":"PropertyValueSpecification","valueRequired":true,"valueName":"search_term_string"}}],"inLanguage":"pl-PL"},{"@type":"Organization","@id":"https:\/\/festiwal.rockradio.pl\/#organization","name":"Festiwal Klasyki Rocka","url":"https:\/\/festiwal.rockradio.pl\/","logo":{"@type":"ImageObject","inLanguage":"pl-PL","@id":"https:\/\/festiwal.rockradio.pl\/#\/schema\/logo\/image\/","url":"https:\/\/festiwal.rockradio.pl\/wp-content\/uploads\/2022\/04\/cropped-logo-na-www.png","contentUrl":"https:\/\/festiwal.rockradio.pl\/wp-content\/uploads\/2022\/04\/cropped-logo-na-www.png","width":1000,"height":1000,"caption":"Festiwal Klasyki Rocka"},"image":{"@id":"https:\/\/festiwal.rockradio.pl\/#\/schema\/logo\/image\/"},"sameAs":["https:\/\/www.facebook.com\/rockradiopl\/","https:\/\/www.instagram.com\/rock_radio\/"]}]}},"_links":{"self":[{"href":"https:\/\/festiwal.rockradio.pl\/index.php?rest_route=\/wp\/v2\/pages\/2375","targetHints":{"allow":["GET"]}}],"collection":[{"href":"https:\/\/festiwal.rockradio.pl\/index.php?rest_route=\/wp\/v2\/pages"}],"about":[{"href":"https:\/\/festiwal.rockradio.pl\/index.php?rest_route=\/wp\/v2\/types\/page"}],"author":[{"embeddable":true,"href":"https:\/\/festiwal.rockradio.pl\/index.php?rest_route=\/wp\/v2\/users\/2"}],"replies":[{"embeddable":true,"href":"https:\/\/festiwal.rockradio.pl\/index.php?rest_route=%2Fwp%2Fv2%2Fcomments&post=2375"}],"version-history":[{"count":3,"href":"https:\/\/festiwal.rockradio.pl\/index.php?rest_route=\/wp\/v2\/pages\/2375\/revisions"}],"predecessor-version":[{"id":2390,"href":"https:\/\/festiwal.rockradio.pl\/index.php?rest_route=\/wp\/v2\/pages\/2375\/revisions\/2390"}],"wp:featuredmedia":[{"embeddable":true,"href":"https:\/\/festiwal.rockradio.pl\/index.php?rest_route=\/wp\/v2\/media\/2205"}],"wp:attachment":[{"href":"https:\/\/festiwal.rockradio.pl\/index.php?rest_route=%2Fwp%2Fv2%2Fmedia&parent=2375"}],"curies":[{"name":"wp","href":"https:\/\/api.w.org\/{rel}","templated":true}]}}